{"id":3178,"date":"2022-03-26T19:38:19","date_gmt":"2022-03-26T18:38:19","guid":{"rendered":"https:\/\/onestreet.fr\/?post_type=product&#038;p=3178"},"modified":"2022-03-26T19:38:20","modified_gmt":"2022-03-26T18:38:20","slug":"formation-accompagnement-creation","status":"publish","type":"product","link":"https:\/\/onestreet.fr\/index.php\/produit\/formation-accompagnement-creation\/","title":{"rendered":"Formation &#038; Accompagnement Cr\u00e9ation"},"content":{"rendered":"","protected":false},"excerpt":{"rendered":"<p>Je vais vous former \u00e0 cr\u00e9er un site WEB simple, adapt\u00e9 et Responsive.<\/p>\n<p>Vous aurez toutes les clefs pour cr\u00e9er, g\u00e9rer et am\u00e9liorer quotidiennement l&rsquo;exp\u00e9rience client de votre site.<br \/>\nLa Formation dure 1 semaine \u00e0 raison de 1 \u00e0 2 heures par jour en moyenne (\u00e0 adapter selon besoin)<\/p>\n","protected":false},"featured_media":3063,"comment_status":"open","ping_status":"closed","template":"","meta":{"_et_pb_use_builder":"","_et_pb_old_content":"","_et_gb_content_width":"","spay_email":""},"_links":{"self":[{"href":"https:\/\/onestreet.fr\/index.php\/wp-json\/wp\/v2\/product\/3178"}],"collection":[{"href":"https:\/\/onestreet.fr\/index.php\/wp-json\/wp\/v2\/product"}],"about":[{"href":"https:\/\/onestreet.fr\/index.php\/wp-json\/wp\/v2\/types\/product"}],"replies":[{"embeddable":true,"href":"https:\/\/onestreet.fr\/index.php\/wp-json\/wp\/v2\/comments?post=3178"}],"wp:featuredmedia":[{"embeddable":true,"href":"https:\/\/onestreet.fr\/index.php\/wp-json\/wp\/v2\/media\/3063"}],"wp:attachment":[{"href":"https:\/\/onestreet.fr\/index.php\/wp-json\/wp\/v2\/media?parent=3178"}],"curies":[{"name":"wp","href":"https:\/\/api.w.org\/{rel}","templated":true}]}}